{"id":543,"date":"2021-04-22T12:56:43","date_gmt":"2021-04-22T15:56:43","guid":{"rendered":"https:\/\/hmsf.com.br\/new\/?page_id=543"},"modified":"2022-10-18T08:52:10","modified_gmt":"2022-10-18T11:52:10","slug":"projeto-de-reforma-e-adequacao-da-maternidade","status":"publish","type":"page","link":"https:\/\/hmsf.com.br\/new\/doacoes\/projeto-de-reforma-e-adequacao-da-maternidade\/","title":{"rendered":"Projeto de reforma e adequa\u00e7\u00e3o da Maternidade"},"content":{"rendered":"\t\t<div data-elementor-type=\"wp-page\" data-elementor-id=\"543\" class=\"elementor elementor-543\">\n\t\t\t\t\t\t\t\t\t<section class=\"elementor-section elementor-top-section elementor-element elementor-element-7bc9d8d elementor-section-boxed elementor-section-height-default elementor-section-height-default\" data-id=\"7bc9d8d\" data-element_type=\"section\">\n\t\t\t\t\t\t<div class=\"elementor-container elementor-column-gap-default\">\n\t\t\t\t\t<div class=\"elementor-column elementor-col-100 elementor-top-column elementor-element elementor-element-0988dd0\" data-id=\"0988dd0\" data-element_type=\"column\">\n\t\t\t<div class=\"elementor-widget-wrap elementor-element-populated\">\n\t\t\t\t\t\t\t\t<div class=\"elementor-element elementor-element-82db5de elementor-widget elementor-widget-text-editor\" data-id=\"82db5de\" data-element_type=\"widget\" data-widget_type=\"text-editor.default\">\n\t\t\t\t<div class=\"elementor-widget-container\">\n\t\t\t<style>\/*! elementor - v3.13.3 - 28-05-2023 *\/\n.elementor-widget-text-editor.elementor-drop-cap-view-stacked .elementor-drop-cap{background-color:#69727d;color:#fff}.elementor-widget-text-editor.elementor-drop-cap-view-framed .elementor-drop-cap{color:#69727d;border:3px solid;background-color:transparent}.elementor-widget-text-editor:not(.elementor-drop-cap-view-default) .elementor-drop-cap{margin-top:8px}.elementor-widget-text-editor:not(.elementor-drop-cap-view-default) .elementor-drop-cap-letter{width:1em;height:1em}.elementor-widget-text-editor .elementor-drop-cap{float:left;text-align:center;line-height:1;font-size:50px}.elementor-widget-text-editor .elementor-drop-cap-letter{display:inline-block}<\/style>\t\t\t\t<p><a style=\"background-color: #ffffff;\" href=\"https:\/\/hmsf.com.br\/new\/wp-content\/uploads\/2021\/04\/Projeto-de-reforma-e-adequacao-da-maternidade-2017.pdf\" target=\"_blank\" rel=\"noreferrer noopener\">Projeto de reforma e adequa\u00e7\u00e3o da maternidade &#8211; 2017<\/a><\/p><p><a href=\"https:\/\/hmsf.com.br\/new\/wp-content\/uploads\/2021\/04\/Projeto-de-reforma-e-adequacao-da-maternidade-2018.pdf\" target=\"_blank\" rel=\"noopener\">Projeto de reforma e adequa\u00e7\u00e3o da maternidade &#8211; 2018<\/a><\/p><p><a href=\"https:\/\/hmsf.com.br\/new\/wp-content\/uploads\/2021\/04\/Projeto-de-reforma-e-adequacao-da-maternidade-2019.pdf\" target=\"_blank\" rel=\"noopener\">Projeto de reforma e adequa\u00e7\u00e3o da maternidade &#8211; 2019<\/a><\/p><p><a href=\"https:\/\/hmsf.com.br\/new\/wp-content\/uploads\/2021\/04\/Projeto-de-reforma-e-adequacao-da-maternidade-\u2013-2020.pdf\" target=\"_blank\" rel=\"noopener\">Projeto de reforma e adequa\u00e7\u00e3o da maternidade \u2013 2020<\/a><\/p><p><a href=\"https:\/\/hmsf.com.br\/new\/wp-content\/uploads\/2022\/10\/Projeto-de-reforma-e-adequacao-da-maternidade-\u2013-2021.pdf\" target=\"_blank\" rel=\"noopener\">Projeto de reforma e adequa\u00e7\u00e3o da maternidade \u2013 2021<\/a><\/p>\t\t\t\t\t\t<\/div>\n\t\t\t\t<\/div>\n\t\t\t\t\t<\/div>\n\t\t<\/div>\n\t\t\t\t\t\t\t<\/div>\n\t\t<\/section>\n\t\t\t\t\t\t\t<\/div>\n\t\t","protected":false},"excerpt":{"rendered":"<p>Projeto de reforma e adequa\u00e7\u00e3o da maternidade &#8211; 2017 Projeto de reforma e adequa\u00e7\u00e3o da maternidade &#8211; 2018 Projeto de reforma e adequa\u00e7\u00e3o da maternidade &#8211; 2019 Projeto de reforma e adequa\u00e7\u00e3o da maternidade \u2013 2020 Projeto de reforma e adequa\u00e7\u00e3o da maternidade \u2013 2021<\/p>\n","protected":false},"author":3,"featured_media":0,"parent":13,"menu_order":0,"comment_status":"closed","ping_status":"closed","template":"","meta":[],"_links":{"self":[{"href":"https:\/\/hmsf.com.br\/new\/wp-json\/wp\/v2\/pages\/543"}],"collection":[{"href":"https:\/\/hmsf.com.br\/new\/wp-json\/wp\/v2\/pages"}],"about":[{"href":"https:\/\/hmsf.com.br\/new\/wp-json\/wp\/v2\/types\/page"}],"author":[{"embeddable":true,"href":"https:\/\/hmsf.com.br\/new\/wp-json\/wp\/v2\/users\/3"}],"replies":[{"embeddable":true,"href":"https:\/\/hmsf.com.br\/new\/wp-json\/wp\/v2\/comments?post=543"}],"version-history":[{"count":34,"href":"https:\/\/hmsf.com.br\/new\/wp-json\/wp\/v2\/pages\/543\/revisions"}],"predecessor-version":[{"id":2926,"href":"https:\/\/hmsf.com.br\/new\/wp-json\/wp\/v2\/pages\/543\/revisions\/2926"}],"up":[{"embeddable":true,"href":"https:\/\/hmsf.com.br\/new\/wp-json\/wp\/v2\/pages\/13"}],"wp:attachment":[{"href":"https:\/\/hmsf.com.br\/new\/wp-json\/wp\/v2\/media?parent=543"}],"curies":[{"name":"wp","href":"https:\/\/api.w.org\/{rel}","templated":true}]}}