{"id":2895,"date":"2022-10-18T08:27:25","date_gmt":"2022-10-18T11:27:25","guid":{"rendered":"https:\/\/hmsf.com.br\/new\/?page_id=2895"},"modified":"2022-10-18T08:50:51","modified_gmt":"2022-10-18T11:50:51","slug":"doacoes-2022","status":"publish","type":"page","link":"https:\/\/hmsf.com.br\/new\/doacoes\/doacoes-2022\/","title":{"rendered":"Doa\u00e7\u00f5es 2022"},"content":{"rendered":"<p><a href=\"https:\/\/hmsf.com.br\/new\/wp-content\/uploads\/2022\/10\/01-DOACOES-HMSF-\u2013-COMPETENCIA-JANEIRO-2022.pdf\" target=\"_blank\" rel=\"noopener\">DOA\u00c7\u00d5ES HMSF \u2013 COMPET\u00caNCIA JANEIRO 2022<\/a><\/p>\n<p><a href=\"https:\/\/hmsf.com.br\/new\/wp-content\/uploads\/2022\/10\/02-DOACOES-HMSF-\u2013-COMPETENCIA-FEVEREIRO-2022.pdf\" target=\"_blank\" rel=\"noopener\">DOA\u00c7\u00d5ES HMSF \u2013 COMPET\u00caNCIA FEVEREIRO 2022<\/a><\/p>\n<p><a href=\"https:\/\/hmsf.com.br\/new\/wp-content\/uploads\/2022\/10\/03-DOACOES-HMSF-\u2013-COMPETENCIA-MARCO-2022.pdf\" target=\"_blank\" rel=\"noopener\">DOA\u00c7\u00d5ES HMSF \u2013 COMPET\u00caNCIA MARCO 2022<\/a><\/p>\n<p><a href=\"https:\/\/hmsf.com.br\/new\/wp-content\/uploads\/2022\/10\/04-DOACOES-HMSF-\u2013-COMPETENCIA-ABRIL-2022.pdf\" target=\"_blank\" rel=\"noopener\">DOA\u00c7\u00d5ES HMSF \u2013 COMPET\u00caNCIA ABRIL 2022<\/a><\/p>\n<p><a href=\"https:\/\/hmsf.com.br\/new\/wp-content\/uploads\/2022\/10\/05-DOACOES-HMSF-\u2013-COMPETENCIA-MAIO-2022.pdf\" target=\"_blank\" rel=\"noopener\">DOA\u00c7\u00d5ES HMSF \u2013 COMPET\u00caNCIA MAIO 2022<\/a><\/p>\n<p><a href=\"https:\/\/hmsf.com.br\/new\/wp-content\/uploads\/2022\/10\/06-DOACOES-HMSF-\u2013-COMPETENCIA-JUNHO-2022.pdf\" target=\"_blank\" rel=\"noopener\">DOA\u00c7\u00d5ES HMSF \u2013 COMPET\u00caNCIA JUNHO 2022<\/a><\/p>\n<p><a href=\"https:\/\/hmsf.com.br\/new\/wp-content\/uploads\/2022\/10\/07-DOACOES-HMSF-\u2013-COMPETENCIA-JULHO-2022.pdf\" target=\"_blank\" rel=\"noopener\">DOA\u00c7\u00d5ES HMSF \u2013 COMPET\u00caNCIA JULHO 2022<\/a><\/p>\n<p><a href=\"https:\/\/hmsf.com.br\/new\/wp-content\/uploads\/2022\/10\/08-DOACOES-HMSF-\u2013-COMPETENCIA-AGOSTO-2022.pdf\" target=\"_blank\" rel=\"noopener\">DOA\u00c7\u00d5ES HMSF \u2013 COMPET\u00caNCIA AGOSTO 2022<\/a><\/p>\n<p><a href=\"https:\/\/hmsf.com.br\/new\/wp-content\/uploads\/2022\/10\/09-DOACOES-HMSF-\u2013-COMPETENCIA-SETEMBRO-2022.pdf\" target=\"_blank\" rel=\"noopener\">DOA\u00c7\u00d5ES HMSF \u2013 COMPET\u00caNCIA SETEMBRO 2022<\/a><\/p>\n","protected":false},"excerpt":{"rendered":"<p>DOA\u00c7\u00d5ES HMSF \u2013 COMPET\u00caNCIA JANEIRO 2022 DOA\u00c7\u00d5ES HMSF \u2013 COMPET\u00caNCIA FEVEREIRO 2022 DOA\u00c7\u00d5ES HMSF \u2013 COMPET\u00caNCIA MARCO 2022 DOA\u00c7\u00d5ES HMSF \u2013 COMPET\u00caNCIA ABRIL 2022 DOA\u00c7\u00d5ES HMSF \u2013 COMPET\u00caNCIA MAIO 2022 DOA\u00c7\u00d5ES HMSF \u2013 COMPET\u00caNCIA JUNHO 2022 DOA\u00c7\u00d5ES HMSF \u2013 COMPET\u00caNCIA JULHO 2022 DOA\u00c7\u00d5ES HMSF \u2013 COMPET\u00caNCIA AGOSTO 2022 DOA\u00c7\u00d5ES HMSF \u2013 COMPET\u00caNCIA SETEMBRO 2022<\/p>\n","protected":false},"author":3,"featured_media":0,"parent":13,"menu_order":1,"comment_status":"closed","ping_status":"closed","template":"","meta":[],"_links":{"self":[{"href":"https:\/\/hmsf.com.br\/new\/wp-json\/wp\/v2\/pages\/2895"}],"collection":[{"href":"https:\/\/hmsf.com.br\/new\/wp-json\/wp\/v2\/pages"}],"about":[{"href":"https:\/\/hmsf.com.br\/new\/wp-json\/wp\/v2\/types\/page"}],"author":[{"embeddable":true,"href":"https:\/\/hmsf.com.br\/new\/wp-json\/wp\/v2\/users\/3"}],"replies":[{"embeddable":true,"href":"https:\/\/hmsf.com.br\/new\/wp-json\/wp\/v2\/comments?post=2895"}],"version-history":[{"count":12,"href":"https:\/\/hmsf.com.br\/new\/wp-json\/wp\/v2\/pages\/2895\/revisions"}],"predecessor-version":[{"id":2921,"href":"https:\/\/hmsf.com.br\/new\/wp-json\/wp\/v2\/pages\/2895\/revisions\/2921"}],"up":[{"embeddable":true,"href":"https:\/\/hmsf.com.br\/new\/wp-json\/wp\/v2\/pages\/13"}],"wp:attachment":[{"href":"https:\/\/hmsf.com.br\/new\/wp-json\/wp\/v2\/media?parent=2895"}],"curies":[{"name":"wp","href":"https:\/\/api.w.org\/{rel}","templated":true}]}}