{"id":1208,"date":"2021-04-29T13:25:23","date_gmt":"2021-04-29T16:25:23","guid":{"rendered":"https:\/\/hmsf.com.br\/new\/?page_id=1208"},"modified":"2022-12-02T08:41:17","modified_gmt":"2022-12-02T11:41:17","slug":"quem-somos","status":"publish","type":"page","link":"https:\/\/hmsf.com.br\/new\/quem-somos\/","title":{"rendered":"Quem Somos"},"content":{"rendered":"\t\t<div data-elementor-type=\"wp-page\" data-elementor-id=\"1208\" class=\"elementor elementor-1208\">\n\t\t\t\t\t\t\t\t\t<section class=\"elementor-section elementor-top-section elementor-element elementor-element-21a66d9b elementor-section-boxed elementor-section-height-default elementor-section-height-default\" data-id=\"21a66d9b\" data-element_type=\"section\">\n\t\t\t\t\t\t<div class=\"elementor-container elementor-column-gap-default\">\n\t\t\t\t\t<div class=\"elementor-column elementor-col-100 elementor-top-column elementor-element elementor-element-776e0361\" data-id=\"776e0361\" data-element_type=\"column\">\n\t\t\t<div class=\"elementor-widget-wrap elementor-element-populated\">\n\t\t\t\t\t\t\t\t<div class=\"elementor-element elementor-element-2d9b27e5 elementor-widget elementor-widget-text-editor\" data-id=\"2d9b27e5\" data-element_type=\"widget\" data-widget_type=\"text-editor.default\">\n\t\t\t\t<div class=\"elementor-widget-container\">\n\t\t\t<style>\/*! elementor - v3.13.3 - 28-05-2023 *\/\n.elementor-widget-text-editor.elementor-drop-cap-view-stacked .elementor-drop-cap{background-color:#69727d;color:#fff}.elementor-widget-text-editor.elementor-drop-cap-view-framed .elementor-drop-cap{color:#69727d;border:3px solid;background-color:transparent}.elementor-widget-text-editor:not(.elementor-drop-cap-view-default) .elementor-drop-cap{margin-top:8px}.elementor-widget-text-editor:not(.elementor-drop-cap-view-default) .elementor-drop-cap-letter{width:1em;height:1em}.elementor-widget-text-editor .elementor-drop-cap{float:left;text-align:center;line-height:1;font-size:50px}.elementor-widget-text-editor .elementor-drop-cap-letter{display:inline-block}<\/style>\t\t\t\t<p><!-- wp:paragraph --><\/p>\n<p style=\"text-align: justify;\">O Hospital e Maternidade Sagrada Fam\u00edlia, \u00e9 uma entidade filantr\u00f3pica, sem fins lucrativos, de direito privado de amparo \u00e0 sa\u00fade. Em sua estrutura hospitalar tem como atendimento priorit\u00e1rio os usu\u00e1rios do Sistema \u00danico de Sa\u00fade \u2013 SUS. Conta atualmente com 88 leitos destes 10 de UTI. Sendo, refer\u00eancia em alta complexidade oncol\u00f3gica e Unidade de Terapia Intensiva (UTI) para o planalto norte catarinense. Neste sentido, vem direcionando esfor\u00e7os em oferecer atendimento, estrutura e servi\u00e7os qualificados para a comunidade.<\/p>\n<p><!-- \/wp:paragraph --><\/p>\n<p><!-- wp:paragraph --><\/p>\n<p style=\"text-align: justify;\">Nossa hist\u00f3ria se inicia em 16 de outubro de 1954 quando as irm\u00e3s da congrega\u00e7\u00e3o da Divina Provid\u00eancia assumiram a responsabilidade do pequeno hospital instalado em S\u00e3o Bento do Sul. Sua estrutura era formada por 7 quartos e 16 leitos de interna\u00e7\u00e3o, com apenas 1 m\u00e9dico atuando.<br>A hist\u00f3ria de sua forma\u00e7\u00e3o, no entanto, remonta a 1923, quando chegava \u00e0 cidade o m\u00e9dico Pedro Raymundo Cominese. Depois de realizar est\u00e1gios em hospitais da Alemanha, Fran\u00e7a e \u00c1ustria, retornou a S\u00e3o Bento do Sul e adquiriu um terreno onde, em 1942, construiu e inaugurou uma cl\u00ednica.<br>A Cl\u00ednica Dr. Cominese funcionou at\u00e9 1954. Quatro anos antes, no entanto, j\u00e1 era constatado que ela n\u00e3o atendia a todas as necessidades da comunidade. Formou-se, ent\u00e3o, em 29 de outubro de 1950, uma associa\u00e7\u00e3o de caridade integrada por 79 associados, sob o nome de Sagrada Fam\u00edlia. Seus estatutos foram editados no Di\u00e1rio Oficial de 20 de fevereiro de 1952 e lan\u00e7ados no registro de Sociedade Civil da comarca local em 23 de abril de 1952.<br>O agora hospital, passado ao gerenciamento das irm\u00e3s da Divina Provid\u00eancia, iniciava a composi\u00e7\u00e3o do corpo cl\u00ednico com a chegada \u00e0 cidade do m\u00e9dico Hans Egon Kechele, em 17 de outubro de 1954. As instala\u00e7\u00f5es foram gradualmente sendo aumentadas para atender \u00e0s necessidades crescentes dos servi\u00e7os de atendimento \u00e0 sa\u00fade.<br>A amplia\u00e7\u00e3o mais significativa, de uma ala de tr\u00eas andares, come\u00e7ou em mar\u00e7o de 1976. O objetivo era criar novos espa\u00e7os para enfermaria, pronto-socorro e leitos. Com a conclus\u00e3o das obras, em 1977, houve a necessidade da vinda de mais m\u00e9dicos para o corpo cl\u00ednico.<\/p>\n<p><!-- \/wp:paragraph --><\/p>\t\t\t\t\t\t<\/div>\n\t\t\t\t<\/div>\n\t\t\t\t\t<\/div>\n\t\t<\/div>\n\t\t\t\t\t\t\t<\/div>\n\t\t<\/section>\n\t\t\t\t\t\t\t<\/div>\n\t\t","protected":false},"excerpt":{"rendered":"<p>O Hospital e Maternidade Sagrada Fam\u00edlia, \u00e9 uma entidade filantr\u00f3pica, sem fins lucrativos, de direito privado de amparo \u00e0 sa\u00fade. Em sua estrutura hospitalar tem como atendimento priorit\u00e1rio os usu\u00e1rios do Sistema \u00danico de Sa\u00fade \u2013 SUS. Conta atualmente com 88 leitos destes 10 de UTI. Sendo, refer\u00eancia em alta complexidade oncol\u00f3gica e Unidade de &hellip;<\/p>\n<p class=\"read-more\"> <a class=\"\" href=\"https:\/\/hmsf.com.br\/new\/quem-somos\/\"> <span class=\"screen-reader-text\">Quem Somos<\/span> Leia mais &raquo;<\/a><\/p>\n","protected":false},"author":3,"featured_media":0,"parent":0,"menu_order":0,"comment_status":"closed","ping_status":"closed","template":"","meta":[],"_links":{"self":[{"href":"https:\/\/hmsf.com.br\/new\/wp-json\/wp\/v2\/pages\/1208"}],"collection":[{"href":"https:\/\/hmsf.com.br\/new\/wp-json\/wp\/v2\/pages"}],"about":[{"href":"https:\/\/hmsf.com.br\/new\/wp-json\/wp\/v2\/types\/page"}],"author":[{"embeddable":true,"href":"https:\/\/hmsf.com.br\/new\/wp-json\/wp\/v2\/users\/3"}],"replies":[{"embeddable":true,"href":"https:\/\/hmsf.com.br\/new\/wp-json\/wp\/v2\/comments?post=1208"}],"version-history":[{"count":47,"href":"https:\/\/hmsf.com.br\/new\/wp-json\/wp\/v2\/pages\/1208\/revisions"}],"predecessor-version":[{"id":3127,"href":"https:\/\/hmsf.com.br\/new\/wp-json\/wp\/v2\/pages\/1208\/revisions\/3127"}],"wp:attachment":[{"href":"https:\/\/hmsf.com.br\/new\/wp-json\/wp\/v2\/media?parent=1208"}],"curies":[{"name":"wp","href":"https:\/\/api.w.org\/{rel}","templated":true}]}}

<div data-elementor-type="wp-page" data-elementor-id="1208" class="elementor elementor-1208">
									<section class="elementor-section elementor-top-section elementor-element elementor-element-21a66d9b elementor-section-boxed elementor-section-height-default elementor-section-height-default" data-id="21a66d9b" data-element_type="section">
						<div class="elementor-container elementor-column-gap-default">
					<div class="elementor-column elementor-col-100 elementor-top-column elementor-element elementor-element-776e0361" data-id="776e0361" data-element_type="column">
			<div class="elementor-widget-wrap elementor-element-populated">
								<div class="elementor-element elementor-element-2d9b27e5 elementor-widget elementor-widget-text-editor" data-id="2d9b27e5" data-element_type="widget" data-widget_type="text-editor.default">
				<div class="elementor-widget-container">
			<style>/*! elementor - v3.13.3 - 28-05-2023 */
.elementor-widget-text-editor.elementor-drop-cap-view-stacked .elementor-drop-cap{background-color:#69727d;color:#fff}.elementor-widget-text-editor.elementor-drop-cap-view-framed .elementor-drop-cap{color:#69727d;border:3px solid;background-color:transparent}.elementor-widget-text-editor:not(.elementor-drop-cap-view-default) .elementor-drop-cap{margin-top:8px}.elementor-widget-text-editor:not(.elementor-drop-cap-view-default) .elementor-drop-cap-letter{width:1em;height:1em}.elementor-widget-text-editor .elementor-drop-cap{float:left;text-align:center;line-height:1;font-size:50px}.elementor-widget-text-editor .elementor-drop-cap-letter{display:inline-block}</style>				<p><!-- wp:paragraph --></p>
<p style="text-align: justify;">O Hospital e Maternidade Sagrada Família, é uma entidade filantrópica, sem fins lucrativos, de direito privado de amparo à saúde. Em sua estrutura hospitalar tem como atendimento prioritário os usuários do Sistema Único de Saúde – SUS. Conta atualmente com 88 leitos destes 10 de UTI. Sendo, referência em alta complexidade oncológica e Unidade de Terapia Intensiva (UTI) para o planalto norte catarinense. Neste sentido, vem direcionando esforços em oferecer atendimento, estrutura e serviços qualificados para a comunidade.</p>
<p><!-- /wp:paragraph --></p>
<p><!-- wp:paragraph --></p>
<p style="text-align: justify;">Nossa história se inicia em 16 de outubro de 1954 quando as irmãs da congregação da Divina Providência assumiram a responsabilidade do pequeno hospital instalado em São Bento do Sul. Sua estrutura era formada por 7 quartos e 16 leitos de internação, com apenas 1 médico atuando.<br>A história de sua formação, no entanto, remonta a 1923, quando chegava à cidade o médico Pedro Raymundo Cominese. Depois de realizar estágios em hospitais da Alemanha, França e Áustria, retornou a São Bento do Sul e adquiriu um terreno onde, em 1942, construiu e inaugurou uma clínica.<br>A Clínica Dr. Cominese funcionou até 1954. Quatro anos antes, no entanto, já era constatado que ela não atendia a todas as necessidades da comunidade. Formou-se, então, em 29 de outubro de 1950, uma associação de caridade integrada por 79 associados, sob o nome de Sagrada Família. Seus estatutos foram editados no Diário Oficial de 20 de fevereiro de 1952 e lançados no registro de Sociedade Civil da comarca local em 23 de abril de 1952.<br>O agora hospital, passado ao gerenciamento das irmãs da Divina Providência, iniciava a composição do corpo clínico com a chegada à cidade do médico Hans Egon Kechele, em 17 de outubro de 1954. As instalações foram gradualmente sendo aumentadas para atender às necessidades crescentes dos serviços de atendimento à saúde.<br>A ampliação mais significativa, de uma ala de três andares, começou em março de 1976. O objetivo era criar novos espaços para enfermaria, pronto-socorro e leitos. Com a conclusão das obras, em 1977, houve a necessidade da vinda de mais médicos para o corpo clínico.</p>
<p><!-- /wp:paragraph --></p>						</div>
				</div>
					</div>
		</div>
							</div>
		</section>
							</div>

<p>O Hospital e Maternidade Sagrada Família, é uma entidade filantrópica, sem fins lucrativos, de direito privado de amparo à saúde. Em sua estrutura hospitalar tem como atendimento prioritário os usuários do Sistema Único de Saúde – SUS. Conta atualmente com 88 leitos destes 10 de UTI. Sendo, referência em alta complexidade oncológica e Unidade de &hellip;</p>
<p class="read-more"> <a class="" href="https://hmsf.com.br/new/quem-somos/"> <span class="screen-reader-text">Quem Somos</span> Leia mais &raquo;</a></p>
